{"id":1872,"date":"2021-02-20T17:14:39","date_gmt":"2021-02-20T17:14:39","guid":{"rendered":"https:\/\/aeromedicalcenter.alborancentromedico.com\/politica-de-privacidad\/"},"modified":"2021-02-20T17:14:40","modified_gmt":"2021-02-20T17:14:40","slug":"politica-de-privacidad","status":"publish","type":"page","link":"https:\/\/aeromedicalcenter.alborancentromedico.com\/en\/politica-de-privacidad\/","title":{"rendered":"Pol\u00edtica de privacidad"},"content":{"rendered":"\t\t<div data-elementor-type=\"wp-page\" data-elementor-id=\"1872\" class=\"elementor elementor-1872 elementor-1790\" data-elementor-settings=\"[]\">\n\t\t\t\t\t\t<div class=\"elementor-inner\">\n\t\t\t\t\t\t\t<div class=\"elementor-section-wrap\">\n\t\t\t\t\t\t\t<section class=\"elementor-section elementor-top-section elementor-element elementor-element-e715a5d elementor-section-boxed elementor-section-height-default elementor-section-height-default\" data-id=\"e715a5d\" data-element_type=\"section\">\n\t\t\t\t\t\t\t<div class=\"elementor-background-overlay\"><\/div>\n\t\t\t\t\t\t\t<div class=\"elementor-container elementor-column-gap-default\">\n\t\t\t\t\t\t\t<div class=\"elementor-row\">\n\t\t\t\t\t<div class=\"elementor-column elementor-col-100 elementor-top-column elementor-element elementor-element-04bd8ab\" data-id=\"04bd8ab\" data-element_type=\"column\">\n\t\t\t<div class=\"elementor-column-wrap elementor-element-populated\">\n\t\t\t\t\t\t\t<div class=\"elementor-widget-wrap\">\n\t\t\t\t\t\t<div class=\"elementor-element elementor-element-950dd4e elementor-widget elementor-widget-heading\" data-id=\"950dd4e\" data-element_type=\"widget\" data-widget_type=\"heading.default\">\n\t\t\t\t<div class=\"elementor-widget-container\">\n\t\t\t<h2 class=\"elementor-heading-title elementor-size-default\">POL\u00cdTICA DE PRIVACIDAD<\/h2>\t\t<\/div>\n\t\t\t\t<\/div>\n\t\t\t\t\t\t<\/div>\n\t\t\t\t\t<\/div>\n\t\t<\/div>\n\t\t\t\t\t\t\t\t<\/div>\n\t\t\t\t\t<\/div>\n\t\t<\/section>\n\t\t\t\t<section class=\"elementor-section elementor-top-section elementor-element elementor-element-404f461 elementor-section-boxed elementor-section-height-default elementor-section-height-default\" data-id=\"404f461\" data-element_type=\"section\">\n\t\t\t\t\t\t<div class=\"elementor-container elementor-column-gap-default\">\n\t\t\t\t\t\t\t<div class=\"elementor-row\">\n\t\t\t\t\t<div class=\"elementor-column elementor-col-100 elementor-top-column elementor-element elementor-element-7173f04\" data-id=\"7173f04\" data-element_type=\"column\">\n\t\t\t<div class=\"elementor-column-wrap elementor-element-populated\">\n\t\t\t\t\t\t\t<div class=\"elementor-widget-wrap\">\n\t\t\t\t\t\t<div class=\"elementor-element elementor-element-08c01e7 elementor-widget elementor-widget-text-editor\" data-id=\"08c01e7\" data-element_type=\"widget\" data-widget_type=\"text-editor.default\">\n\t\t\t\t<div class=\"elementor-widget-container\">\n\t\t\t\t\t<div class=\"elementor-text-editor elementor-clearfix\"><h2 lang=\"es-ES\" align=\"justify\"> <\/h2>\n<p lang=\"es-ES\" align=\"justify\">CENTRO M\u00c9DICO JUR\u00cdDICO MEDILEY, S.L.L., bajo el nombre comercial de ALBOR\u00c1N CENTRO M\u00c9DICO, est\u00e1 especialmente sensibilizada en la protecci\u00f3n de datos de car\u00e1cter personal de los Usuarios de los servicios del sitio Web. Mediante la presente Pol\u00edtica de Privacidad ALBOR\u00c1N CENTRO M\u00c9DICO informa a los USUARIOS del sitio web: <a href=\"https:\/\/www.alborancentromedico.com\/\">https:\/\/aeromedicalcenter.alborancentromedico.com\/<\/a>, de los usos a los que se someten los datos de car\u00e1cter personal que se recaban en sitio Web, con el fin de que decidan, libre y voluntariamente, si desean facilitar la informaci\u00f3n solicitada.<\/p>\n<p lang=\"es-ES\" align=\"justify\">ALBOR\u00c1N CENTRO M\u00c9DICO se reserva la facultad de modificar esta Pol\u00edtica con el objeto de adaptarla a novedades legislativas, criterios jurisprudenciales, pr\u00e1cticas del sector, o interes de la entidad. Cualquier modificaci\u00f3n en la misma ser\u00e1 anunciada con la debida antelaci\u00f3n, a fin de que tengas perfecto conocimiento de su contenido.<\/p>\n<h3 lang=\"es-ES\" align=\"justify\">Responsable<\/h3>\n<p lang=\"es-ES\" align=\"justify\">El Responsable del Tratamiento de los datos de car\u00e1cter personal es: CENTRO M\u00c9DICO JUR\u00cdDICO MEDILEY, S.L.L., bajo el nombre comercial ALBOR\u00c1N CENTRO M\u00c9DICO.<\/p>\n<p lang=\"es-ES\" align=\"justify\">Domicilio social a estos efectos en Calle Fernando el Cat\u00f3lico, n\u00ba 38, 29013, M\u00e1laga.<\/p>\n<p lang=\"es-ES\" align=\"justify\">CIF: B92605484<\/p>\n<p lang=\"es-ES\" align=\"justify\">Tel\u00e9fono: (+34) 951 463 042 y correo-e: info@alborancentromedico.com<\/p>\n<h3 lang=\"es-ES\" align=\"justify\">Finalidad del tratamiento<\/h3>\n<p lang=\"es-ES\" align=\"justify\">La finalidad de la recogida y tratamiento de los datos personales, a trav\u00e9s de los distintos formularios propiedad de ALBOR\u00c1N CENTRO M\u00c9DICO puestos a disposici\u00f3n de los usuarios, responden, seg\u00fan el caso concreto, para gestionar y atender a solicitudes de informaci\u00f3n, dudas, quejas, reserva de citas o a cualquiera servicios o actividades, actos o eventos prestados y ofertados por ALBOR\u00c1N CENTRO M\u00c9DICO, as\u00ed como conocer la opini\u00f3n de los usuarios.<\/p>\n<h3 lang=\"es-ES\" align=\"justify\">Plazo de conservaci\u00f3n<\/h3>\n<p lang=\"es-ES\" align=\"justify\">Los datos personales proporcionados se conservar\u00e1n durante el plazo correspondiente para cumplir con las obligaciones legales, mientras no se oponga al tratamiento o revoque el consentimiento.<\/p>\n<h3 lang=\"es-ES\" align=\"justify\">Legitimaci\u00f3n<\/h3>\n<p lang=\"es-ES\" align=\"justify\">ALBOR\u00c1N CENTRO M\u00c9DICO est\u00e1 legitimada al tratamiento de datos personales, en base al consentimiento otorgado por el interesado mediante la firma o aceptaci\u00f3n del pertinente formulario, para uno o varios fines espec\u00edficos, tal y como recoge el art\u00edculo 6.1. a) del Reglamento General de Protecci\u00f3n de datos personales.<\/p>\n<h3 lang=\"es-ES\" align=\"justify\">Exactitud de los datos<\/h3>\n<p lang=\"es-ES\" align=\"justify\">Por otro lado, con el fin de que los datos obrantes en nuestros ficheros, inform\u00e1ticos y\/o en papel, siempre correspondan a la realidad, se tratar\u00e1 de mantener actualizados. De manera que, a estos efectos, el Usuario deber\u00e1 realizar los cambios, directamente, cuando as\u00ed este habilitado o comunic\u00e1ndose, por medio fehaciente, al \u00e1rea o departamento correspondiente de ALBOR\u00c1N CENTRO M\u00c9DICO.<\/p>\n<h3 lang=\"es-ES\" align=\"justify\">Destinatarios<\/h3>\n<p lang=\"es-ES\" align=\"justify\">Los datos personales no ser\u00e1n cedidos ni comunicados a ning\u00fan tercero, salvo en los supuestos necesarios para el desarrollo, control y cumplimiento de las finalidad\/es expresada\/s, en los supuestos previstos seg\u00fan ley.<\/p>\n<h3 lang=\"es-ES\" align=\"justify\">Derechos de los usuarios<\/h3>\n<p lang=\"es-ES\" align=\"justify\">El interesado de los datos personales en todo caso podr\u00e1 ejercitar los derechos que le asisten, de acuerdo con el Reglamento General de Protecci\u00f3n de Datos, y que son:<\/p>\n<ul>\n<li>\n<p lang=\"es-ES\" align=\"justify\">Derecho a solicitar el acceso a los datos personales relativos al interesado.<\/p>\n<\/li>\n<li>\n<p lang=\"es-ES\" align=\"justify\">Derecho a solicitar su rectificaci\u00f3n o supresi\u00f3n.<\/p>\n<\/li>\n<li>\n<p lang=\"es-ES\" align=\"justify\">Derecho a solicitar la limitaci\u00f3n de su tratamiento.<\/p>\n<\/li>\n<li>\n<p lang=\"es-ES\" align=\"justify\">Derecho a oponerse al tratamiento.<\/p>\n<\/li>\n<li>\n<p lang=\"es-ES\" align=\"justify\">Derecho a la portabilidad de los datos.<\/p>\n<\/li>\n<\/ul>\n<p lang=\"es-ES\" align=\"justify\">El interesado podr\u00e1 ejercitar tales derechos mediante solicitud acompa\u00f1ada de una fotocopia de su D.N.I y en la que especificar\u00e1 cual de \u00e9stos solicita sea satisfecho, remitida a la direcci\u00f3n: ALBOR\u00c1N CENTRO M\u00c9DICO domicilio en Calle Fernando el Cat\u00f3lico, n\u00ba 38, 29013, M\u00e1laga, o a la siguiente direcci\u00f3n de emial: info@alborancentromedico.com.<\/p>\n<p lang=\"es-ES\" align=\"justify\">En caso de considerar vulnerado su derecho a la protecci\u00f3n de datos personales, podr\u00e1 interponer una reclamaci\u00f3n ante la Agencia Espa\u00f1ola de Protecci\u00f3n de Datos (<a href=\"http:\/\/www.agpd.es\/\">www.agpd.es<\/a>)<\/p>\n<h3 lang=\"es-ES\" align=\"justify\">Medidas de seguridad<\/h3>\n<p lang=\"es-ES\" align=\"justify\">Finalmente se informa que ALBOR\u00c1N CENTRO M\u00c9DICO adoptar\u00e1 en sus sistema de informaci\u00f3n las medidas t\u00e9cnicas y organizativas adecuadas, dando cumplimiento al principio de responsabilidad proactiva, a fin de garantizar la seguridad y confidencialidad de los datos almacenados, evitando as\u00ed, su alteraci\u00f3n, p\u00e9rdida, tratamiento o acceso no autorizado; teniendo en cuenta el estado de la t\u00e9cnica, los costes de aplicaci\u00f3n, y la naturaleza, el alcance, el contexto y los fines del tratamiento, as\u00ed como riesgos de probabilidad y gravedad variable asociadas a cada uno de los tratamientos.<\/p>\n<p lang=\"es-ES\" align=\"justify\">Si tiene alguna pregunta sobre esta Pol\u00edtica de Privacidad, rogamos que se ponga en contacto con nosotros enviando un email a info@alborancentromedico.com<\/p>\n<\/div>\n\t\t\t\t<\/div>\n\t\t\t\t<\/div>\n\t\t\t\t\t\t<\/div>\n\t\t\t\t\t<\/div>\n\t\t<\/div>\n\t\t\t\t\t\t\t\t<\/div>\n\t\t\t\t\t<\/div>\n\t\t<\/section>\n\t\t\t\t\t\t<\/div>\n\t\t\t\t\t\t<\/div>\n\t\t\t\t\t<\/div>\n\t\t","protected":false},"excerpt":{"rendered":"<p>POL\u00cdTICA DE PRIVACIDAD CENTRO M\u00c9DICO JUR\u00cdDICO MEDILEY, S.L.L., bajo el nombre comercial de ALBOR\u00c1N CENTRO M\u00c9DICO, est\u00e1 especialmente sensibilizada en la protecci\u00f3n de datos de car\u00e1cter personal de los Usuarios de los servicios del sitio Web. Mediante la presente Pol\u00edtica de Privacidad ALBOR\u00c1N CENTRO M\u00c9DICO informa a los USUARIOS del sitio web: https:\/\/aeromedicalcenter.alborancentromedico.com\/, de los &hellip;<\/p>\n<p class=\"read-more\"> <a class=\"\" href=\"https:\/\/aeromedicalcenter.alborancentromedico.com\/en\/politica-de-privacidad\/\"> <span class=\"screen-reader-text\">Pol\u00edtica de privacidad<\/span> Read More &raquo;<\/a><\/p>\n","protected":false},"author":1,"featured_media":0,"parent":0,"menu_order":0,"comment_status":"closed","ping_status":"closed","template":"","meta":[],"_links":{"self":[{"href":"https:\/\/aeromedicalcenter.alborancentromedico.com\/en\/wp-json\/wp\/v2\/pages\/1872"}],"collection":[{"href":"https:\/\/aeromedicalcenter.alborancentromedico.com\/en\/wp-json\/wp\/v2\/pages"}],"about":[{"href":"https:\/\/aeromedicalcenter.alborancentromedico.com\/en\/wp-json\/wp\/v2\/types\/page"}],"author":[{"embeddable":true,"href":"https:\/\/aeromedicalcenter.alborancentromedico.com\/en\/wp-json\/wp\/v2\/users\/1"}],"replies":[{"embeddable":true,"href":"https:\/\/aeromedicalcenter.alborancentromedico.com\/en\/wp-json\/wp\/v2\/comments?post=1872"}],"version-history":[{"count":2,"href":"https:\/\/aeromedicalcenter.alborancentromedico.com\/en\/wp-json\/wp\/v2\/pages\/1872\/revisions"}],"predecessor-version":[{"id":1874,"href":"https:\/\/aeromedicalcenter.alborancentromedico.com\/en\/wp-json\/wp\/v2\/pages\/1872\/revisions\/1874"}],"wp:attachment":[{"href":"https:\/\/aeromedicalcenter.alborancentromedico.com\/en\/wp-json\/wp\/v2\/media?parent=1872"}],"curies":[{"name":"wp","href":"https:\/\/api.w.org\/{rel}","templated":true}]}}

Política de privacidad

<div data-elementor-type="wp-page" data-elementor-id="1872" class="elementor elementor-1872 elementor-1790" data-elementor-settings="[]">
						<div class="elementor-inner">
							<div class="elementor-section-wrap">
							<section class="elementor-section elementor-top-section elementor-element elementor-element-e715a5d elementor-section-boxed elementor-section-height-default elementor-section-height-default" data-id="e715a5d" data-element_type="section">
							<div class="elementor-background-overlay"></div>
							<div class="elementor-container elementor-column-gap-default">
							<div class="elementor-row">
					<div class="elementor-column elementor-col-100 elementor-top-column elementor-element elementor-element-04bd8ab" data-id="04bd8ab" data-element_type="column">
			<div class="elementor-column-wrap elementor-element-populated">
							<div class="elementor-widget-wrap">
						<div class="elementor-element elementor-element-950dd4e elementor-widget elementor-widget-heading" data-id="950dd4e" data-element_type="widget" data-widget_type="heading.default">
				<div class="elementor-widget-container">
			<h2 class="elementor-heading-title elementor-size-default">POLÍTICA DE PRIVACIDAD</h2>		</div>
				</div>
						</div>
					</div>
		</div>
								</div>
					</div>
		</section>
				<section class="elementor-section elementor-top-section elementor-element elementor-element-404f461 elementor-section-boxed elementor-section-height-default elementor-section-height-default" data-id="404f461" data-element_type="section">
						<div class="elementor-container elementor-column-gap-default">
							<div class="elementor-row">
					<div class="elementor-column elementor-col-100 elementor-top-column elementor-element elementor-element-7173f04" data-id="7173f04" data-element_type="column">
			<div class="elementor-column-wrap elementor-element-populated">
							<div class="elementor-widget-wrap">
						<div class="elementor-element elementor-element-08c01e7 elementor-widget elementor-widget-text-editor" data-id="08c01e7" data-element_type="widget" data-widget_type="text-editor.default">
				<div class="elementor-widget-container">
					<div class="elementor-text-editor elementor-clearfix"><h2 lang="es-ES" align="justify"> </h2>
<p lang="es-ES" align="justify">CENTRO MÉDICO JURÍDICO MEDILEY, S.L.L., bajo el nombre comercial de ALBORÁN CENTRO MÉDICO, está especialmente sensibilizada en la protección de datos de carácter personal de los Usuarios de los servicios del sitio Web. Mediante la presente Política de Privacidad ALBORÁN CENTRO MÉDICO informa a los USUARIOS del sitio web: <a href="https://www.alborancentromedico.com/">https://aeromedicalcenter.alborancentromedico.com/</a>, de los usos a los que se someten los datos de carácter personal que se recaban en sitio Web, con el fin de que decidan, libre y voluntariamente, si desean facilitar la información solicitada.</p>
<p lang="es-ES" align="justify">ALBORÁN CENTRO MÉDICO se reserva la facultad de modificar esta Política con el objeto de adaptarla a novedades legislativas, criterios jurisprudenciales, prácticas del sector, o interes de la entidad. Cualquier modificación en la misma será anunciada con la debida antelación, a fin de que tengas perfecto conocimiento de su contenido.</p>
<h3 lang="es-ES" align="justify">Responsable</h3>
<p lang="es-ES" align="justify">El Responsable del Tratamiento de los datos de carácter personal es: CENTRO MÉDICO JURÍDICO MEDILEY, S.L.L., bajo el nombre comercial ALBORÁN CENTRO MÉDICO.</p>
<p lang="es-ES" align="justify">Domicilio social a estos efectos en Calle Fernando el Católico, nº 38, 29013, Málaga.</p>
<p lang="es-ES" align="justify">CIF: B92605484</p>
<p lang="es-ES" align="justify">Teléfono: (+34) 951 463 042 y correo-e: info@alborancentromedico.com</p>
<h3 lang="es-ES" align="justify">Finalidad del tratamiento</h3>
<p lang="es-ES" align="justify">La finalidad de la recogida y tratamiento de los datos personales, a través de los distintos formularios propiedad de ALBORÁN CENTRO MÉDICO puestos a disposición de los usuarios, responden, según el caso concreto, para gestionar y atender a solicitudes de información, dudas, quejas, reserva de citas o a cualquiera servicios o actividades, actos o eventos prestados y ofertados por ALBORÁN CENTRO MÉDICO, así como conocer la opinión de los usuarios.</p>
<h3 lang="es-ES" align="justify">Plazo de conservación</h3>
<p lang="es-ES" align="justify">Los datos personales proporcionados se conservarán durante el plazo correspondiente para cumplir con las obligaciones legales, mientras no se oponga al tratamiento o revoque el consentimiento.</p>
<h3 lang="es-ES" align="justify">Legitimación</h3>
<p lang="es-ES" align="justify">ALBORÁN CENTRO MÉDICO está legitimada al tratamiento de datos personales, en base al consentimiento otorgado por el interesado mediante la firma o aceptación del pertinente formulario, para uno o varios fines específicos, tal y como recoge el artículo 6.1. a) del Reglamento General de Protección de datos personales.</p>
<h3 lang="es-ES" align="justify">Exactitud de los datos</h3>
<p lang="es-ES" align="justify">Por otro lado, con el fin de que los datos obrantes en nuestros ficheros, informáticos y/o en papel, siempre correspondan a la realidad, se tratará de mantener actualizados. De manera que, a estos efectos, el Usuario deberá realizar los cambios, directamente, cuando así este habilitado o comunicándose, por medio fehaciente, al área o departamento correspondiente de ALBORÁN CENTRO MÉDICO.</p>
<h3 lang="es-ES" align="justify">Destinatarios</h3>
<p lang="es-ES" align="justify">Los datos personales no serán cedidos ni comunicados a ningún tercero, salvo en los supuestos necesarios para el desarrollo, control y cumplimiento de las finalidad/es expresada/s, en los supuestos previstos según ley.</p>
<h3 lang="es-ES" align="justify">Derechos de los usuarios</h3>
<p lang="es-ES" align="justify">El interesado de los datos personales en todo caso podrá ejercitar los derechos que le asisten, de acuerdo con el Reglamento General de Protección de Datos, y que son:</p>
<ul>
<li>
<p lang="es-ES" align="justify">Derecho a solicitar el acceso a los datos personales relativos al interesado.</p>
</li>
<li>
<p lang="es-ES" align="justify">Derecho a solicitar su rectificación o supresión.</p>
</li>
<li>
<p lang="es-ES" align="justify">Derecho a solicitar la limitación de su tratamiento.</p>
</li>
<li>
<p lang="es-ES" align="justify">Derecho a oponerse al tratamiento.</p>
</li>
<li>
<p lang="es-ES" align="justify">Derecho a la portabilidad de los datos.</p>
</li>
</ul>
<p lang="es-ES" align="justify">El interesado podrá ejercitar tales derechos mediante solicitud acompañada de una fotocopia de su D.N.I y en la que especificará cual de éstos solicita sea satisfecho, remitida a la dirección: ALBORÁN CENTRO MÉDICO domicilio en Calle Fernando el Católico, nº 38, 29013, Málaga, o a la siguiente dirección de emial: info@alborancentromedico.com.</p>
<p lang="es-ES" align="justify">En caso de considerar vulnerado su derecho a la protección de datos personales, podrá interponer una reclamación ante la Agencia Española de Protección de Datos (<a href="http://www.agpd.es/">www.agpd.es</a>)</p>
<h3 lang="es-ES" align="justify">Medidas de seguridad</h3>
<p lang="es-ES" align="justify">Finalmente se informa que ALBORÁN CENTRO MÉDICO adoptará en sus sistema de información las medidas técnicas y organizativas adecuadas, dando cumplimiento al principio de responsabilidad proactiva, a fin de garantizar la seguridad y confidencialidad de los datos almacenados, evitando así, su alteración, pérdida, tratamiento o acceso no autorizado; teniendo en cuenta el estado de la técnica, los costes de aplicación, y la naturaleza, el alcance, el contexto y los fines del tratamiento, así como riesgos de probabilidad y gravedad variable asociadas a cada uno de los tratamientos.</p>
<p lang="es-ES" align="justify">Si tiene alguna pregunta sobre esta Política de Privacidad, rogamos que se ponga en contacto con nosotros enviando un email a info@alborancentromedico.com</p>
</div>
				</div>
				</div>
						</div>
					</div>
		</div>
								</div>
					</div>
		</section>
						</div>
						</div>
					</div>

<p>POLÍTICA DE PRIVACIDAD CENTRO MÉDICO JURÍDICO MEDILEY, S.L.L., bajo el nombre comercial de ALBORÁN CENTRO MÉDICO, está especialmente sensibilizada en la protección de datos de carácter personal de los Usuarios de los servicios del sitio Web. Mediante la presente Política de Privacidad ALBORÁN CENTRO MÉDICO informa a los USUARIOS del sitio web: https://aeromedicalcenter.alborancentromedico.com/, de los &hellip;</p>
<p class="read-more"> <a class="" href="https://aeromedicalcenter.alborancentromedico.com/en/politica-de-privacidad/"> <span class="screen-reader-text">Política de privacidad</span> Read More &raquo;</a></p>
